ine z(-2).
-18
Let d(g) = -g**3 - 144*g**2 - 3840*g + 5185. Determine d(-108).
1
Let h(y) = 25930*y + 2800440. Give h(-108).
0
Let t(x) = 238*x**2 - 4143*x + 58. Give t(17).
-1591
Let x(z) = 530*z + 694. What is x(-2)?
-366
Let f(d) = -441*d + 64404. Determine f(146).
18
Let x(r) = -90*r**2 - 13321*r - 121. Calculate x(-148).
27
Let j(c) = c**3 - 4*c**2 + 804*c - 20674. Determine j(19).
17
Let d(o) = 2*o**2 - 1046*o - 116018. What is d(-94)?
-22
Let i(n) = 1443*n - 1929. What is i(1)?
-486
Let t(d) = 3856*d + 19055. Give t(-5).
-225
Let n(k) = -k**3 + 10*k**2 - 2*k - 11. What is n(7)?
122
Let f(r) = -3*r**2 - 13211*r + 79371. What is f(6)?
-3
Let u(c) = 134883*c + 54762504. Determine u(-406).
6
Let t(s) = -s**3 + 71*s**2 + 94*s + 3692. What is t(73)?
-104
Let b(p) = -103392*p - 620352. Give b(-6).
0
Let u(q) = -q**3 - 12*q**2 - 29592*q - 625399. Calculate u(-21).
2
Let s(r) = -r**2 + 2750*r - 81665. Give s(30).
-65
Let i(u) = 196266*u + 981330. Determine i(-5).
0
Let l(a) = -618*a**3 - 4*a**2 + 206*a + 211. Determine l(-1).
619
Let g(h) = 4432*h + 4503. Give g(-1).
71
Let t(v) = -1055*v + 83334. Calculate t(79).
-11
Let j(d) = -2*d**2 - 112*d - 1525. Give j(-30).
35
Let a(f) = f**3 + 86*f**2 + 90*f + 298. Determine a(-85).
-127
Let k(m) = -m**2 + 1977*m - 221254. What is k(119)?
-152
Let n(t) = -276*t + 2840. Determine n(9).
356
Let x(y) = -21*y**2 - 812*y + 52. What is x(-39)?
-221
Let a(v) = 6111*v - 18344. What is a(3)?
-11
Let x(a) = -a**2 - 129*a - 3215. What is x(-91)?
243
Let g(m) = -3*m**3 - 48*m**2 - 614*m + 5729. Calculate g(6).
-331
Let t(y) = -24836*y + 446976. What is t(18)?
-72
Let i(c) = -40*c**2 - 9481*c + 9485. Give i(1).
-36
Let l(c) = c**3 - c**2 + 50*c + 29. What is l(-6)?
-523
Let v(f) = f**3 + 30*f**2 - 138*f - 4110. Calculate v(-30).
30
Let s(k) = -k**3 + 11*k**2 - 412*k + 4104. Give s(10).
84
Let f(m) = 2*m**3 + 17*m**2 - 3233*m - 13049. Determine f(-4).
27
Let b(d) = -1338*d - 65560. What is b(-49)?
2
Let g(u) = -2076*u**2 + 6207*u + 5. What is g(3)?
-58
Let a(l) = -1925*l - 13471. Give a(-7).
4
Let x(z) = -5*z**2 - 247*z + 12955. Calculate x(32).
-69
Let c(p) = -p**3 + 95*p**2 - 361*p - 389. Determine c(91).
-116
Let o(l) = -l**2 + 431*l - 35951. Give o(113).
-17
Let c(b) = -b**2 - 285*b - 20828. Determine c(-150).
-578
Let k(w) = 36*w**2 - 228*w - 677. Give k(-3).
331
Let m(w) = -20*w**2 + 406*w + 1231. Calculate m(23).
-11
Let r(m) = m**3 - 10*m**2 - 73*m + 762. Give r(9).
24
Let g(x) = 23*x**2 + 1716*x - 10384. Give g(6).
740
Let w(m) = -m**2 + 1364*m + 36149. What is w(-26)?
9
Let n(f) = -2*f**3 - 52*f**2 - 54*f + 3550. Give n(-21).
274
Let b(m) = -m**3 + 19*m**2 - 2101*m + 33028. Determine b(16).
180
Let t(p) = 329*p**2 + 28629*p + 518. Calculate t(-87).
-4
Let s(c) = -9*c**3 + 170*c**2 + 7*c + 244. Calculate s(19).
16
Let i(n) = -105*n**2 - 1010*n - 2278. Calculate i(-6).
2
Let h(b) = 46*b**2 + 948*b + 2838. What is h(-17)?
16
Let p(y) = -y**3 - 169*y**2 - 624*y + 143. What is p(-4)?
-1
Let q(a) = 111658*a - 2121494. What is q(19)?
8
Let d(b) = -3*b**3 - 51*b**2 + b + 23. Calculate d(-17).
6
Let y(j) = 184*j**3 + 367*j**2 + 37*j + 82. Give y(-2).
4
Let l(x) = -7*x**3 + 241*x**2 + 152*x - 412. Determine l(35).
8
Let m(c) = -2*c**3 - 178*c**2 + 2*c + 4. Calculate m(0).
4
Let a(c) = 105*c**2 - 22439*c + 15776. Determine a(213).
14
Let h(m) = -m**2 - 124*m + 994158. What is h(937)?
1
Let n(z) = -40*z**3 + 16679*z**2 + 378*z + 16272. Give n(417).
9
Let h(b) = -b**3 - 2*b**2 - 44*b - 61. What is h(-6)?
347
Let z(q) = -16*q**3 - 67*q**2 - 30*q - 109. Calculate z(-4).
-37
Let p(q) = 9582*q - 67194. What is p(7)?
-120
Let s(z) = -21*z**3 - 143*z**2 - 575*z - 12. Calculate s(-4).
1344
Let l(r) = 1811717*r - 9058582. Give l(5).
3
Let c(n) = -n**3 + 11*n**2 + 71*n. Determine c(15).
165
Let r(x) = 7*x**3 + 122*x**2 - 196*x + 167. What is r(-19)?
-80
Let c(u) = -2082850*u + 20828496. Give c(10).
-4
Let k(u) = 1061*u - 218555. Calculate k(206).
11
Let f(i) = 8*i**2 + 851*i - 242. What is f(-107)?
293
Let i(a) = a**3 + 48*a**2 - 28*a - 1031. Calculate i(-48).
313
Let r(u) = 16773*u + 100631. Determine r(-6).
-7
Let d(v) = 8105*v + 15163. Calculate d(-2).
-1047
Let l(c) = -275*c**3 - 2748*c**2 - 2801*c - 28219. Determine l(-10).
-9
Let c(h) = 111*h - 12576. Determine c(115).
189
Let a(s) = 3065*s - 62683. Calculate a(20).
-1383
Let k(x) = 3*x**3 - 88*x**2 - 4193*x + 122425. Calculate k(29).
-13
Let i(h) = -h**3 - 30*h**2 - 712*h + 3382. Determine i(4).
-10
Let y(r) = -45*r**2 - 452*r - 6. Determine y(-6).
1086
Let k(n) = 7718*n - 1072770. Calculate k(139).
32
Let x(n) = 2*n**2 + 709497*n - 5676101. Determine x(8).
3
Let z(g) = -310*g**2 + 214548*g - 19378. What is z(692)?
-2
Let b(f) = -f**3 + 4985*f**2 - 11*f + 17. What is b(0)?
17
Let j(t) = -9*t**2 - 3788*t + 50765. What is j(13)?
0
Let r(g) = -5647*g - 45247. Calculate r(-8).
-71
Let j(p) = -8*p**2 - 94*p + 1367. Determine j(0).
1367
Let j(q) = -150*q**2 - 5993*q + 293. Determine j(-40).
13
Let j(c) = -11*c**2 + 365*c + 108. Determine j(34).
-198
Let c(q) = -3*q**2 - 415*q + 5229. Determine c(-150).
-21
Let s(y) = 5*y**3 - 2168*y**2 + 7748*y - 3446. Calculate s(430).
-6
Let t(p) = 39*p + 5608. Give t(-87).
2215
Let t(u) = 443*u - 2166. Calculate t(5).
49
Let o(f) = 5*f**3 + 371*f**2 - 279*f + 4. Determine o(-75).
-1571
Let r(u) = -u**2 + 60301*u + 1689148. Give r(-28).
-64
Let u(x) = 400013*x - 12800415. Determine u(32).
1
Let i(y) = 3*y**3 - 7*y**2 - 35*y - 221. What is i(6)?
-35
Let q(w) = -718*w + 17866. Calculate q(25).
-84
Let v(u) = 12*u**3 + 338*u**2 + 29*u - 761. Calculate v(-28).
-5
Let t(u) = -u**3 + 119*u**2 - 128*u + 1963. Calculate t(118).
783
Let d(p) = p**2 - 18*p - 1137. What is d(50)?
463
Let j(i) = -i**2 + 332*i + 26741. Calculate j(-67).
8
Let d(f) = -7*f**2 + 245*f + 4150. Give d(-12).
202
Let j(m) = -2*m**2 + 249*m + 1485. What is j(134)?
-1061
Let d(b) = 2092*b - 399581. What is d(191)?
-9
Let a(b) = 3*b**2 - 81*b - 39465. Give a(129).
9
Let f(s) = 119*s**2 + 284*s - 1447. What is f(5)?
2948
Let v(w) = w**3 + 699*w**2 + 2762*w - 12506. Determine v(-695).
4
Let j(u) = 36*u - 16259. Determine j(450).
-59
Let v(t) = -29091*t - 87192. Determine v(-3).
81
Let k(u) = -u**2 - 66450*u - 2059000. Determine k(-31).
-11
Let r(c) = -147366*c + 37578331. Determine r(255).
1
Let r(m) = -747*m**2 + 197210*m - 528. What is r(264)?
0
Let j(v) = -v**2 + 183*v + 30647. What is j(-103)?
1189
Let c(r) = r**3 - 58*r**2 + 159*r + 22262. Give c(40).
-178
Let i(b) = -2*b**2 + 3097*b - 138363. Give i(46).
-133
Let l(s) = -11*s**3 - 157*s**2 - 180*s. Determine l(-13).
-26
Let f(b) = 28989*b + 233604. Give f(-8).
1692
Let t(v) = v**2 + 125773*v - 2641673. Calculate t(21).
1
Let l(d) = -535*d + 102724. Give l(192).
4
Let n(m) = -119*m**3 - 16170*m**2 + 1898*m - 759. What is n(-136)?
57
Let w(y) = 18*y**2 - 1188*y + 6453. Determine w(60).
-27
Let a(v) = -v**2 + 409*v - 23468. Determine a(76).
1840
Let c(p) = 2*p**3 + 27*p**2 - 384*p + 671. Calculate c(7).
-8
Let i(c) = -317*c + 6640. Determine i(14).
2202
Let b(o) = -7*o**2 + 3890*o + 40715. Calculate b(566).
-37
Let l(m) = -32*m - 5173. Calculate l(-153).
-277
Let j(n) = n**3 - 282*n**2 - 887*n + 8998. Calculate j(285).
-122
Let y(k) = 101*k - 4401. What is y(47)?
346
Let t(x) = -x**3 - 3*x**2 + 828*x - 3205. Determine t(-32).
-5
Let l(b) = 434*b**3 + 19*b**2 + 28*b - 50. Determine l(2).
3554
Let d(h) = -h**2 + 320*h - 24925. Give d(186).
-1
Let h(d) = -2*d**2 + 12*d + 369. Give h(21).
-261
Let s(b) = 17*b**2 - 939*b - 32. Give s(55).
-252
Let z(i) = -63*i**2 - 253*i - 177. What is z(-2)?
77
Let h(p) = -2*p**3 - 125*p**2 + 2478*p + 152223. What is h(-63)?
78
Let p(c) = 19*c**3 - 4*c**2 - 724*c + 4286. Calculate p(6).
3902
Let j(h) = 43*h**2 + 4425*h + 79. Give j(-103).
491
Let x(u) = 3357*u - 1638225. What is x(488)?
-9
Let q(z) = 5017*z + 60302. What is q(-12)?
98
Let g(y) = 16993*y - 407829. Calculate g(24).
3
Let c(j) = 94*j**3 + 257*j + 504. Determine c(-2).
-762
Let r(y) = -1234*y + 8. Calculate r(-3).
3710
Let h(m) = 2*m**2 - 52*m - 38865. What is h(153)?
-3
Let f(w) = 39*w**3 + 77*w**2 + 26*w + 51. Determine f(-2).
-5
Let i(j) = -36*j - 14109. Give i(-392).
3
Let l(r) = r**2 + 200*r - 137451. Give l(284).
5
Let y(a) = -